1093 is divided by 26.
25
Calculate the remainder when 6619386 is divided by 8112.
8106
Calculate the remainder when 11353310 is divided by 177.
176
What is the remainder when 12188464 is divided by 7473?
1
What is the remainder when 251153 is divided by 3924?
17
What is the remainder when 52292799 is divided by 439?
436
What is the remainder when 19335583 is divided by 364822?
17
What is the remainder when 36166821 is divided by 139?
133
Calculate the remainder when 2630852 is divided by 28596.
20
What is the remainder when 39207723 is divided by 4018?
79
What is the remainder when 723416 is divided by 657?
59
What is the remainder when 16083751 is divided by 589?
517
What is the remainder when 689011 is divided by 76?
71
What is the remainder when 585715 is divided by 5183?
36
Calculate the remainder when 988948399 is divided by 110.
109
What is the remainder when 69140600 is divided by 265?
245
What is the remainder when 19827 is divided by 495?
27
What is the remainder when 769316 is divided by 72?
68
What is the remainder when 1523000 is divided by 380718?
128
What is the remainder when 334498 is divided by 199?
178
What is the remainder when 18574 is divided by 940?
714
What is the remainder when 261728687 is divided by 3642?
3641
Calculate the remainder when 20629727 is divided by 11.
8
What is the remainder when 220400 is divided by 1552?
16
Calculate the remainder when 6939964 is divided by 870.
844
What is the remainder when 88200 is divided by 43?
7
What is the remainder when 23591186 is divided by 10513?
14
What is the remainder when 3910371 is divided by 875?
871
What is the remainder when 15658862 is divided by 1633?
25
Calculate the remainder when 488058 is divided by 279.
87
Calculate the remainder when 1229703 is divided by 102474.
15
What is the remainder when 108403371 is divided by 28?
27
What is the remainder when 204917473 is divided by 290?
283
What is the remainder when 261250 is divided by 819?
808
What is the remainder when 1638749 is divided by 196?
189
What is the remainder when 168966 is divided by 28158?
18
Calculate the remainder when 166789 is divided by 702.
415
Calculate the remainder when 37568408 is divided by 5258.
5256
Calculate the remainder when 251523 is divided by 246706.
4817
What is the remainder when 733724 is divided by 387?
359
What is the remainder when 365560462 is divided by 6616?
6614
Calculate the remainder when 24872396 is divided by 1472.
12
What is the remainder when 8610645 is divided by 296918?
23
Calculate the remainder when 1267685159 is divided by 210.
209
What is the remainder when 47313952 is divided by 3942826?
40
Calculate the remainder when 1600822 is divided by 1141.
1140
What is the remainder when 10535 is divided by 5263?
9
What is the remainder when 151338 is divided by 27?
3
Calculate the remainder when 50743743 is divided by 158.
147
What is the remainder when 156934416 is divided by 619?
584
What is the remainder when 340669 is divided by 33?
10
Calculate the remainder when 2460381 is divided by 23432.
21
Calculate the remainder when 1088453 is divided by 181408.
5
What is the remainder when 7364640 is divided by 133?
31
What is the remainder when 396189 is divided by 81?
18
Calculate the remainder when 236381 is divided by 3282.
77
Calculate the remainder when 15263789 is divided by 2148.
101
What is the remainder when 797401 is divided by 56951?
87
What is the remainder when 326736 is divided by 112?
32
Calculate the remainder when 1932768 is divided by 483181.
44
Calculate the remainder when 119076534 is divided by 2894.
10
Calculate the remainder when 7629872 is divided by 937.
818
What is the remainder when 138395920 is divided by 583949?
7
What is the remainder when 7656962 is divided by 1531375?
87
Calculate the remainder when 18480893 is divided by 89.
43
Calculate the remainder when 1891210 is divided by 87.
4
What is the remainder when 124427 is divided by 61883?
661
Calculate the remainder when 170270 is divided by 56570.
560
What is the remainder when 3280979 is divided by 1490?
1489
What is the remainder when 142498 is divided by 139975?
2523
Calculate the remainder when 5024837 is divided by 611.
584
Calculate the remainder when 744329 is divided by 371608.
1113
Calculate the remainder when 6890580 is divided by 398.
6
What is the remainder when 517064 is divided by 27?
14
Calculate the remainder when 3941117 is divided by 7285.
7217
What is the remainder when 18056909 is divided by 2025?
2009
What is the remainder when 38670 is divided by 38251?
419
Calculate the remainder when 19850 is divided by 19831.
19
What is the remainder when 479366 is divided by 209?
129
Calculate the remainder when 4453 is divided by 645.
583
What is the remainder when 4177852 is divided by 14506?
124
Calculate the remainder when 2239843 is divided by 1118443.
2957
Calculate the remainder when 134068 is divided by 7342.
1912
What is the remainder when 16925664 is divided by 16925645?
19
Calculate the remainder when 5257380 is divided by 242.
172
Calculate the remainder when 682396 is divided by 682223.
173
What is the remainder when 417967 is divided by 867?
73
Calculate the remainder when 193727 is divided by 13.
1
Calculate the remainder when 132313 is divided by 984.
457
What is the remainder when 2949990 is divided by 133?
50
What is the remainder when 471165 is divided by 1106?
9
What is the remainder when 9568237 is divided by 2141?
108
What is the remainder when 28660 is divided by 28344?
316
What is the remainder when 61156877 is divided by 2421?
2417
What is the remainder when 450758 is divided by 1748?
1522
What is the remainder when 18746 is divided by 4468?
874
What is the remainder when 65283 is divided by 16287?
135
What is the remainder when 1062656 is divided by 55929?
5
What is the remainder when 708034 is divided by 353998?
38
Calculate the remainder when 1022713944 is divided by 386.
382
Calculate the remainder when 317502 is divided by 317347.
155
What is the remainder when 380050 is divided by 54277?
111
What is the remainder when 2653 is divided by 1143?
367
Calculate the remainder when 8964105 is divided by 758.
755
Calculate the remainder when 806951 is divided by 268905.
236
What is the remainder when 6464596 is divided by 3232296?
4
Calculate the remainder when 25943970 is divided by 1621495.
50
Calculate the remainder when 514017894 is divided by 56.
54
Calculate the remainder when 66616249 is divided by 17.
15
What is the remainder when 217545 is divided by 256?
201
What is the remainder when 198460333 is divided by 94415?
3
What is the remainder when 40423851 is divided by 8084765?
26
Calculate the remainder when 2603618 is divided by 29.
27
Calculate the remainder when 8276259 is divided by 14470.
13889
What is the remainder when 33584060 is divided by 201?
176
Calculate the remainder when 38548224 is divided by 5205.
5199
What is the remainder when 40510 is divided by 1500?
10
What is the remainder when 194180 is divided by 186355?
7825
Calculate the remainder when 239858 is divided by 1318.
1300
What is the remainder when 12327771 is divided by 2990?
1
What is the remainder when 891774879 is divided by 6295?
6294
Calculate the remainder when 185195 is divided by 101.
62
Calculate the remainder when 2496199 is divided by 49.
41
What is the remainder when 33365411 is divided by 79?
77
Calculate the remainder when 21186775 is divided by 22757.
8
Calculate the remainder when 4898874 is divided by 762.
738
Calculate the remainder when 103182556 is divided by 14740364.
8
Calculate the remainder when 157781 is divided by 416.
117
Calculate the remainder when 13492 is divided by 213.
73
What is the remainder when 4506487 is divided by 14?
13
Calculate the remainder when 19768479 is divided by 47.
44
Calculate the remainder when 3697856 is divided by 12164.
0
Calculate the remainder when 9100925 is divided by 3033616.
77
What is the remainder when 47581606 is divided by 302?
298
What is the remainder when 2786683 is divided by 917?
837
Calculate the remainder when 856102 is divided by 18.
4
Calculate the remainder when 2692650 is divided by 127.
123
Calculate the remainder when 1690991 is divided by 1401.
1385
Calculate the remainder when 3148356 is divi